010010111
In base 14, what is -3 + -7ad7c?
-7ad81
In base 5, what is -4 + 231441?
231432
In base 2, what is 10110101 - 1111010010100?
-1110111011111
In base 4, what is 230123 - 133?
223330
In base 7, what is -32 - -1522?
1460
In base 7, what is 362 + -14243?
-13551
In base 9, what is -118 + -22784?
-23013
In base 7, what is -11100205 - -3?
-11100202
In base 5, what is 133041 - 140?
132401
In base 3, what is 2 - -222110?
222112
In base 5, what is 21043 - -1222?
22320
In base 15, what is -186 + -66?
-1ec
In base 15, what is -4 - -240b?
2407
In base 12, what is -2149b + 5?
-21496
In base 7, what is -201 + -100140?
-100341
In base 6, what is 12111 + 235?
12350
In base 10, what is 10 + -10495?
-10485
In base 15, what is -686 + -3a?
-6c1
In base 3, what is -11 + -2001220110?
-2001220121
In base 11, what is 54 - 173?
-11a
In base 15, what is -7d + 7a1?
723
In base 8, what is -7 + -2671?
-2700
In base 14, what is -923 - -7?
-91a
In base 6, what is -44 + -305253?
-305341
In base 5, what is 341 - -41222?
42113
In base 5, what is -224 - 14234?
-20013
In base 10, what is 1 + -17217?
-17216
In base 14, what is -3 + 60ba?
60b7
In base 6, what is -10 + -4402120?
-4402130
In base 7, what is 4 + -5432212?
-5432205
In base 12, what is b028a + 4?
b0292
In base 16, what is 2ed4 - 0?
2ed4
In base 3, what is -10 - -10001111012?
10001111002
In base 7, what is 1664 + -2524?
-530
In base 14, what is -a68 - 8?
-a72
In base 14, what is -c23 + a?
-c17
In base 9, what is -16301 - 4?
-16305
In base 8, what is -12 - -364?
352
In base 15, what is -99 - -146?
9c
In base 11, what is 24307 - 10?
242a7
In base 12, what is -2 - 255a5?
-255a7
In base 3, what is 12221002 + 122?
12221201
In base 6, what is 0 + 245544?
245544
In base 11, what is -1 + 892a46?
892a45
In base 11, what is 4 + 1a01?
1a05
In base 6, what is 1 + -44450?
-44445
In base 10, what is 294 + -4952?
-4658
In base 2, what is -11010 - -11011011?
11000001
In base 3, what is 2002101 + 121?
2002222
In base 9, what is 32 - -311?
343
In base 12, what is -1 - -212099?
212098
In base 7, what is 4206 - 5?
4201
In base 10, what is 5 + -79571?
-79566
In base 11, what is -888 + -143?
-a20
In base 3, what is 10120222 + -211011?
2202211
In base 2, what is 100110 + -10010111001001?
-10010110100011
In base 2, what is 1001100011 + 110011?
1010010110
In base 11, what is -218 - 836?
-a53
In base 3, what is -1022 + 11220022?
11212000
In base 10, what is 4 - -30524?
30528
In base 8, what is 17264 - 3?
17261
In base 8, what is -13 - 527?
-542
In base 7, what is 5 + 1332421?
1332426
In base 7, what is 53561 + 1?
53562
In base 12, what is -8 - 2923?
-292b
In base 13, what is -93 + 270?
1aa
In base 3, what is -2122200220 + 2?
-2122200211
In base 7, what is -102564 + -60?
-102654
In base 3, what is 110202 - 10212112?
-10101210
In base 14, what is -3044 + -19?
-305d
In base 4, what is -11 + 13213012?
13213001
In base 13, what is -1cc4 - 11?
-2005
In base 16, what is -17 - -282e?
2817
In base 9, what is 527657 - 0?
527657
In base 6, what is 323 + 130?
453
In base 2, what is -100 - -10000110000101010?
10000110000100110
In base 9, what is 7 + -751?
-743
In base 3, what is 11 - -12000122?
12000210
In base 8, what is 254 - 103?
151
In base 7, what is -10 - 50204?
-50214
In base 13, what is -c455 - 2?
-c457
In base 6, what is -232 + -532?
-1204
In base 3, what is 12102221 - 201022?
11201122
In base 15, what is -a - 2d6c0?
-2d6ca
In base 4, what is 2 - 3313221?
-3313213
In base 10, what is 7 - 10842?
-10835
In base 8, what is 326 + 417?
745
In base 5, what is -1340423 - -4?
-1340414
In base 5, what is 132044 + 3040?
140134
In base 11, what is 3 - 27596?
-27593
In base 12, what is 7 + -45ab6?
-45aab
In base 8, what is -2 - 276154?
-276156
In base 6, what is 1 - -2423215?
2423220
In base 16, what is -bd2 + -4?
-bd6
In base 7, what is -5232 + -2?
-5234
In base 5, what is 330124423 - 2?
330124421
In base 6, what is -2 - -4114155?
4114153
In base 6, what is -1113 - -2225?
1112
In base 7, what is 14464 + -14?
14450
In base 5, what is 100044 - 24?
100020
In base 3, what is 120 - -21112210222?
21112211112
In base 2, what is 1000111110000000000 - 11?
1000111101111111101
In base 13, what is a + 1167?
1174
In base 6, what is 11 + -22145?
-22134
In base 12, what is -3 - 26?
-29
In base 3, what is -11 + 10201121?
10201110
In base 9, what is -30 - 4666?
-4706
In base 11, what is -3 - -493362?
49335a
In base 12, what is 159 + -223?
-86
In base 5, what is -10 - -13044121?
13044111
In base 9, what is -3 + -686662?
-686665
In base 4, what is -211332 - -303?
-211023
In base 4, what is 231022323 + 3?
231022332
In base 4, what is 110132203 - 3?
110132200
In base 13, what is -241 + 293?
52
In base 7, what is 1116 - 465?
321
In base 11, what is -6 - -46068?
46062
In base 3, what is -102122102122 - 10?
-102122102202
In base 12, what is a9455 + -2?
a9453
In base 13, what is -874b4 - -3?
-874b1
In base 4, what is -12121001 - -10?
-12120331
In base 10, what is -2 - 73434?
-73436
In base 2, what is 1001 + -1010000000?
-1001110111
In base 15, what is -67c - 11?
-68d
In base 9, what is -1181830 + -2?
-1181832
In base 11, what is 2 + -2268?
-2266
In base 12, what is 904 + 84a?
1552
In base 5, what is 20043141 + -1?
20043140
In base 15, what is -126eb - 5?
-12701
In base 2, what is 101000011101101000 - 11?
101000011101100101
In base 5, what is -113413 - 2342?
-121310
In base 4, what is -112 + -1103323?
-1110101
In base 14, what is -2d413 + 39?
-2d3b8
In base 4, what is -20122221 - -2031?
-20120130
In base 4, what is -133101 - -201?
-132300
In base 16, what is 8 + -4ad?
-4a5
In base 3, what is -20021 - 20110012?
-20200110
In base 16, what is 145d + 8?
1465
In base 3, what is -212 + 102211200?
102210211
In base 15, what is 51abb0 + -2?
51abad
In base 13, what is 17 - 7a2?
-788
In base 2, what is 1100010 + -111011111000011?
-111011101100001
In base 7, what is -121234 + 15?
-121216
In base 5, what is -1401414 + -130?
-1402044
In base 16, what is -4cc + 5bb?
ef
In base 10, what is 207963 - 2?
207961
In base 13, what is 380 + 6c?
41c
In base 10, what is 286688 - 2?
286686
In base 8, what is -6156 - -463?
-5473
In base 3, what is -10001202221 + 120?
-10001202101
In base 11, what is 21322 - 2?
21320
In base 15, what is -3d5c7 + 4?
-3d5c3
In base 7, what is -6 + -44115?
-44124
In base 11, what is -425 + -2a?
-454
In base 10, what is 23089 - 4?
23085
In base 14, what is -178 - -2c?
-14a
In base 3, what is -120210 + 1002?
-112201
In base 6, what is 2120544 - 2?
2120542
In base 8, what is -11201 + 1223?
-7756
In base 6, what is -23 + -14454?
-14521
In base 7, what is -535454 - 13?
-535500
In base 16, what is -1 + 3cdc?
3cdb
In base 15, what is d3 + 20d?
2e1
In base 11, what is 586 + 65?
640
In base 16, what is -11 - -1cd3?
1cc2
In base 4, what is -3 - -103311132?
103311123
In base 3, what is 2 - 1011200?
-1011121
In base 5, what is 3021 + -12234?
-4213
In base 16, what is 22a20 + -4?
22a1c
In base 13, what is 6113c7 + 3?
6113ca
In base 13, what is 3 + -2b038?
-2b035
In base 12, what is 3218 + -3b?
3199
In base 4, what is 232311 - 3021?
223230
In base 10, what is 2 - -51639?
51641
In base 12, what is -5 + -152a9?
-152b2
In base 8, what is -3734 - 31?
-3765
In base 10, what is 32 - 276?
-244
In base 11, what is 266 - -471?
727
In base 7, what is 153 + -106146?
-105663
In base 11, what is -17429 - -2?
-17427
In base 12, what is 24 + -11279?
-11255
In base 3, what is -1 - 110200020110?
-110200020111
In base 4, what is -202023 + -1221?
-203310
In base 15, what is -102d - -68?
-eb5
In base 10, what is -5 - -15632?
15627
In base 2, what is -11010 - -1?
-11001
In base 7, what is 225000 + -4?
224663
In base 13, what is -42 - -159?
117
In base 10, what is -54 - -571?
517
In base 8, what is 5 + 174144?
174151
In base 8, what is 20 + 16764?
17004
In base 5, what is -3324 - -22011?
13132
In base 2, what is -100001 + -10111?
-111000
In base 10, what is 3 - 41181?
-41178
In base 2, what is -1000 - -11000111?
10111111
In base 11, what is -26050 + -8?
-26058
In base 12, what is 152 + 5b?
1b1
In base 2, what is 10000101101010111011 - -10?
10000101101010111101
In base 14, what is a1 + -2a4?
-203
In base 14, what is 4a8a7 - -2?
4a8a9
In base 13, what is -3 - a7?
-aa
In base 7, what is -110400 - -16?
-11035